{"id":382,"date":"2021-02-02T11:40:41","date_gmt":"2021-02-02T11:40:41","guid":{"rendered":"https:\/\/hotel.blue-senses.com\/?page_id=382"},"modified":"2025-06-21T12:53:42","modified_gmt":"2025-06-21T09:53:42","slug":"zimmer","status":"publish","type":"page","link":"https:\/\/blue-senses.com\/?page_id=382&lang=de","title":{"rendered":"Zimmer"},"content":{"rendered":"[vc_row content_placement=&#8221;middle&#8221; css=&#8221;.vc_custom_1612214280823{margin-bottom: 10px !important;}&#8221;][vc_column width=&#8221;1\/2&#8243;][interective_banner effects=&#8221;effect-sadie&#8221; url=&#8221;url:https%3A%2F%2Fblue-senses.com%2F%3Fpage_id%3D406%26lang%3Dde|title:%CE%94%CE%B9%CE%B1%CE%BC%CE%B5%CF%81%CE%AF%CF%83%CE%BC%CE%B1%CF%84%CE%B1||&#8221; clr=&#8221;#ffffff&#8221; image_id=&#8221;224&#8243; title=&#8221;Appartements&#8221; caption_url=&#8221;&#8221;][\/vc_column][vc_column width=&#8221;1\/2&#8243;][vc_custom_heading text=&#8221;Appartements&#8221; font_container=&#8221;tag:h2|text_align:left|color:%230071b5&#8243; use_theme_fonts=&#8221;yes&#8221; link=&#8221;url:https%3A%2F%2Fblue-senses.com%2F%3Fpage_id%3D263|title:%CE%94%CE%B9%CE%B1%CE%BC%CE%B5%CF%81%CE%AF%CF%83%CE%BC%CE%B1%CF%84%CE%B1||&#8221; css=&#8221;.vc_custom_1612265754673{margin-top: 0px !important;}&#8221;][vc_column_text]Unsere Appartements verf\u00fcgen \u00fcber ger\u00e4umige Zimmer mit einem individuellen Stil und \u00fcber gro\u00dfe Balkone. Hier f\u00fchlen sich auch anspruchsvolle G\u00e4ste zu Hause. Die Appartements sind hell, haben eine ruhige Lage und bieten modernen Komfort<\/p>\n<p><a class=\"tooltip_1\" title=\"breakfast\" href=\"https:\/\/blue-senses.com\/rooms\/#\"><img class=\"alignleft\" src=\"https:\/\/blue-senses.com\/wp-content\/uploads\/2013\/05\/breakfast.png\" alt=\"icon\" \/><\/a> <a class=\"tooltip_1\" title=\"kitchen\" href=\"https:\/\/blue-senses.com\/rooms\/#\"><img class=\"alignleft\" src=\"https:\/\/blue-senses.com\/wp-content\/uploads\/2018\/04\/kitchen-icon.png\" alt=\"icon\" \/><\/a> \u00a0<a class=\"tooltip_1\" title=\"Safe-deposit box\" href=\"https:\/\/blue-senses.com\/rooms\/#\"><img class=\"alignleft\" src=\"https:\/\/blue-senses.com\/wp-content\/uploads\/2013\/05\/deposit.png\" alt=\"icon\" \/><\/a> \u00a0<a class=\"tooltip_1\" title=\"TV LCD\" href=\"https:\/\/blue-senses.com\/rooms\/#\"><img class=\"alignleft\" src=\"https:\/\/blue-senses.com\/wp-content\/uploads\/2013\/05\/tivi.png\" alt=\"icon\" \/><\/a> \u00a0<a class=\"tooltip_1\" title=\"Wifi broadband access\" href=\"https:\/\/blue-senses.com\/rooms\/#\"><img class=\"alignleft\" src=\"https:\/\/blue-senses.com\/wp-content\/uploads\/2013\/05\/wifi.png\" alt=\"icon\" \/><\/a><\/p>\n<div class=\"clear\"><\/div>\n<div class=\"rate\">\n<div id=\"r-2018\" class=\"rate_wd\"><\/div>\n<\/div>\n[\/vc_column_text][\/vc_column][\/vc_row][vc_row][vc_column][vc_separator][\/vc_column][\/vc_row][vc_row content_placement=&#8221;middle&#8221; css=&#8221;.vc_custom_1612214273350{margin-bottom: 10px !important;}&#8221;][vc_column width=&#8221;1\/2&#8243;][interective_banner effects=&#8221;effect-sadie&#8221; url=&#8221;url:https%3A%2F%2Fblue-senses.com%2F%3Fpage_id%3D395%26lang%3Dde|title:%CE%94%CE%B9%CE%B1%CE%BC%CE%B5%CF%81%CE%AF%CF%83%CE%BC%CE%B1%CF%84%CE%B1||&#8221; clr=&#8221;#ffffff&#8221; image_id=&#8221;229&#8243; title=&#8221;Superior Doppelzimmer&#8221; caption_url=&#8221;&#8221;][\/vc_column][vc_column width=&#8221;1\/2&#8243;][vc_custom_heading text=&#8221;Superior Doppelzimmer&#8221; font_container=&#8221;tag:h2|text_align:left|color:%230071b5&#8243; use_theme_fonts=&#8221;yes&#8221; link=&#8221;url:https%3A%2F%2Fblue-senses.com%2F%3Fpage_id%3D279|title:%CE%94%CE%B9%CE%B1%CE%BC%CE%B5%CF%81%CE%AF%CF%83%CE%BC%CE%B1%CF%84%CE%B1||&#8221; css=&#8221;.vc_custom_1612265819822{margin-top: 0px !important;}&#8221;][vc_column_text]Die neu renovierten Superior Doppelzimmer bieten ein St\u00fcck besonderen Komfort. Sie sind ideal f\u00fcr Paare, die in einem gro\u00dfz\u00fcgigen Raum mit ansprechender \u00c4sthetik wohnen und den Urlaub in vollen Z\u00fcgen genie\u00dfen m\u00f6chten<\/p>\n<p><a class=\"tooltip_1\" title=\"breakfast\" href=\"https:\/\/blue-senses.com\/rooms\/#\"><img class=\"alignleft\" src=\"https:\/\/blue-senses.com\/wp-content\/uploads\/2013\/05\/breakfast.png\" alt=\"icon\" \/><\/a> \u00a0<a class=\"tooltip_1\" title=\"Safe-deposit box\" href=\"https:\/\/blue-senses.com\/rooms\/#\"><img class=\"alignleft\" src=\"https:\/\/blue-senses.com\/wp-content\/uploads\/2013\/05\/deposit.png\" alt=\"icon\" \/><\/a> \u00a0<a class=\"tooltip_1\" title=\"TV LCD\" href=\"https:\/\/blue-senses.com\/rooms\/#\"><img class=\"alignleft\" src=\"https:\/\/blue-senses.com\/wp-content\/uploads\/2013\/05\/tivi.png\" alt=\"icon\" \/><\/a> \u00a0<a class=\"tooltip_1\" title=\"Wifi broadband access\" href=\"https:\/\/blue-senses.com\/rooms\/#\"><img class=\"alignleft\" src=\"https:\/\/blue-senses.com\/wp-content\/uploads\/2013\/05\/wifi.png\" alt=\"icon\" \/><\/a><\/p>\n<div class=\"clear\"><\/div>\n<div class=\"rate\">\n<div id=\"r-2018\" class=\"rate_wd\"><\/div>\n<\/div>\n[\/vc_column_text][\/vc_column][\/vc_row][vc_row][vc_column][vc_separator][\/vc_column][\/vc_row][vc_row content_placement=&#8221;middle&#8221; css=&#8221;.vc_custom_1612214316160{margin-top: 10px !important;margin-bottom: 10px !important;}&#8221;][vc_column width=&#8221;1\/2&#8243;][interective_banner effects=&#8221;effect-sadie&#8221; url=&#8221;url:https%3A%2F%2Fblue-senses.com%2F%3Fpage_id%3D390%26lang%3Dde|title:%CE%94%CE%B9%CE%B1%CE%BC%CE%B5%CF%81%CE%AF%CF%83%CE%BC%CE%B1%CF%84%CE%B1||&#8221; clr=&#8221;#ffffff&#8221; image_id=&#8221;312&#8243; title=&#8221;Classic Doppelzimmer&#8221; caption_url=&#8221;&#8221;][\/vc_column][vc_column width=&#8221;1\/2&#8243;][vc_custom_heading text=&#8221;Classic Doppelzimmer&#8221; font_container=&#8221;tag:h2|text_align:left|color:%230071b5&#8243; use_theme_fonts=&#8221;yes&#8221; link=&#8221;url:https%3A%2F%2Fblue-senses.com%2F%3Fpage_id%3D279|title:%CE%94%CE%B9%CE%B1%CE%BC%CE%B5%CF%81%CE%AF%CF%83%CE%BC%CE%B1%CF%84%CE%B1||&#8221; css=&#8221;.vc_custom_1612265857593{margin-top: 0px !important;}&#8221;][vc_column_text]Unsere Doppelzimmer sind gem\u00fctlich dekoriert und funktional strukturiert, so dass dem Gast das Gef\u00fchl der Gastfreundschaft vermittelt wird. Die Zimmer bieten sich als ideale L\u00f6sung f\u00fcr Paare oder Freunde an, die einen erholsamen Sommerurlaub in Chalkidiki verbringen m\u00f6chten<\/p>\n<p><a class=\"tooltip_1\" title=\"breakfast\" href=\"https:\/\/blue-senses.com\/rooms\/#\"><img class=\"alignleft\" src=\"https:\/\/blue-senses.com\/wp-content\/uploads\/2013\/05\/breakfast.png\" alt=\"icon\" \/><\/a> \u00a0<a class=\"tooltip_1\" title=\"Safe-deposit box\" href=\"https:\/\/blue-senses.com\/rooms\/#\"><img class=\"alignleft\" src=\"https:\/\/blue-senses.com\/wp-content\/uploads\/2013\/05\/deposit.png\" alt=\"icon\" \/><\/a> \u00a0<a class=\"tooltip_1\" title=\"TV LCD\" href=\"https:\/\/blue-senses.com\/rooms\/#\"><img class=\"alignleft\" src=\"https:\/\/blue-senses.com\/wp-content\/uploads\/2013\/05\/tivi.png\" alt=\"icon\" \/><\/a> \u00a0<a class=\"tooltip_1\" title=\"Wifi broadband access\" href=\"https:\/\/blue-senses.com\/rooms\/#\"><img class=\"alignleft\" src=\"https:\/\/blue-senses.com\/wp-content\/uploads\/2013\/05\/wifi.png\" alt=\"icon\" \/><\/a><\/p>\n<div class=\"clear\"><\/div>\n<div class=\"rate\">\n<div id=\"r-2018\" class=\"rate_wd\"><\/div>\n<\/div>\n[\/vc_column_text][\/vc_column][\/vc_row][vc_row][vc_column][vc_separator][\/vc_column][\/vc_row][vc_row][vc_column][vc_column_text]Alle Zimmer und Appartements haben Meerblick, sind ger\u00e4umig und stilvoll m\u00f6bliert.<br \/>\nDie gro\u00dfen Balkone bieten Ihnen unvergessliche Sonnenaufg\u00e4nge und Momente, in denen Sie Ihren Blick \u00fcber die Weite des Meeres schweifen lassen k\u00f6nnen&#8230;<\/p>\n<p>&nbsp;<\/p>\n<table class=\"add-bo2\" style=\"height: 366px;\" width=\"1031\">\n<thead>\n<tr style=\"background-color: #e2e2e2;\">\n<th>Preise in Euro<br \/>\npro Nacht<\/th>\n<th>01.05. \u2013 31.05<br \/>\n27.09. \u2013 26.10.<\/th>\n<th>31.05.- 28.06.<br \/>\n06.09. \u2013 27.09.<\/th>\n<th>28.06. \u2013 06.09.<\/th>\n<\/tr>\n<\/thead>\n<tbody>\n<tr>\n<td><center>Appartement (f\u00fcr bis zu 6 Personen)<br \/>\nbei Belegung mit vier Personen<br \/>\n(plus jede weitere Person)<\/center><\/td>\n<td>170\u20ac<\/p>\n<p>15\u20ac<\/td>\n<td>190\u20ac<\/p>\n<p>15\u20ac<\/td>\n<td>250\u20ac<\/p>\n<p>15\u20ac<\/td>\n<\/tr>\n<tr>\n<td style=\"text-align: center;\"><center>Superior Doppelzimmer (f\u00fcr bis zu 2 Personen)<\/center>(plus Kind)<\/td>\n<td>105\u20ac<\/p>\n<p>15\u20ac<\/td>\n<td>120\u20ac<\/p>\n<p>15\u20ac<\/td>\n<td>150\u20ac<\/p>\n<p>15\u20ac<\/td>\n<\/tr>\n<tr>\n<td><center>Classic Doppelzimmer<br \/>\n(f\u00fcr bis zu 2 Personen)<\/center><\/td>\n<td>95\u20ac<\/td>\n<td>110\u20ac<\/td>\n<td>140\u20ac<\/td>\n<\/tr>\n<\/tbody>\n<\/table>\n<p><strong>Inbegriffen in den Preisen sind<\/strong>:<\/p>\n<ul class=\"list_3\">\n<li>Fr\u00fchst\u00fcck<\/li>\n<li>T\u00e4gliche Reinigung der Zimmer und Appartements<\/li>\n<li>Endreinigung<\/li>\n<li>Bettw\u00e4sche (Wechsel w\u00f6chentlich)<\/li>\n<li>Handt\u00fccher (Wechsel alle zwei Tage)<\/li>\n<li>WLAN<\/li>\n<\/ul>\n<p><strong>Extra:<\/strong><\/p>\n<ul>\n<li>\u00dcbernachtungssteuer 2,00\u20ac pro Nacht \/ pro Zimmer oder App<\/li>\n<\/ul>\n<p><strong>Eventuell anfallende zus\u00e4tzliche Kosten<\/strong>:<\/p>\n<ul class=\"list_5\">\n<li>Transfer Flughafen-Sarti 125,- Euro<\/li>\n<li>Transfer Sarti-Flughafen 125,- Euro<\/li>\n<li>W\u00e4sche-Service 8,- Euro<\/li>\n<li>Strandhandt\u00fccher 3,- Euro<\/li>\n<\/ul>\n<p><strong>Anreise<\/strong>: ab 15.00 Uhr<\/p>\n<p><strong>Abreise<\/strong>: bis 11.00 Uhr[\/vc_column_text][\/vc_column][\/vc_row]\n","protected":false},"excerpt":{"rendered":"<p>[vc_row content_placement=&#8221;middle&#8221; css=&#8221;.vc_custom_1612214280823{margin-bottom: 10px !important;}&#8221;][vc_column width=&#8221;1\/2&#8243;][interective_banner effects=&#8221;effect-sadie&#8221; url=&#8221;url:https%3A%2F%2Fblue-senses.com%2F%3Fpage_id%3D406%26lang%3Dde|title:%CE%94%CE%B9%CE%B1%CE%BC%CE%B5%CF%81%CE%AF%CF%83%CE%BC%CE%B1%CF%84%CE%B1||&#8221; clr=&#8221;#ffffff&#8221; image_id=&#8221;224&#8243; title=&#8221;Appartements&#8221; caption_url=&#8221;&#8221;][\/vc_column][vc_column width=&#8221;1\/2&#8243;][vc_custom_heading text=&#8221;Appartements&#8221; font_container=&#8221;tag:h2|text_align:left|color:%230071b5&#8243; use_theme_fonts=&#8221;yes&#8221; link=&#8221;url:https%3A%2F%2Fblue-senses.com%2F%3Fpage_id%3D263|title:%CE%94%CE%B9%CE%B1%CE%BC%CE%B5%CF%81%CE%AF%CF%83%CE%BC%CE%B1%CF%84%CE%B1||&#8221; css=&#8221;.vc_custom_1612265754673{margin-top: 0px !important;}&#8221;][vc_column_text]Unsere Appartements verf\u00fcgen \u00fcber ger\u00e4umige Zimmer mit einem individuellen Stil und \u00fcber gro\u00dfe Balkone. Hier f\u00fchlen sich auch anspruchsvolle G\u00e4ste zu Hause. Die Appartements sind hell, haben eine ruhige Lage und bieten modernen Komfort \u00a0 \u00a0 [&hellip;]<\/p>\n","protected":false},"author":1,"featured_media":0,"parent":0,"menu_order":0,"comment_status":"closed","ping_status":"closed","template":"page-right-sidebar.php","meta":{"spay_email":""},"yoast_head":"<!-- This site is optimized with the Yoast SEO plugin v15.7 - https:\/\/yoast.com\/wordpress\/plugins\/seo\/ -->\n<title>Zimmer - Blue Senses<\/title>\n<meta name=\"robots\" content=\"index, follow, max-snippet:-1, max-image-preview:large, max-video-preview:-1\" \/>\n<link rel=\"canonical\" href=\"https:\/\/blue-senses.com\/?page_id=382&#038;lang=de\" \/>\n<meta property=\"og:locale\" content=\"el_GR\" \/>\n<meta property=\"og:type\" content=\"article\" \/>\n<meta property=\"og:title\" content=\"Zimmer - Blue Senses\" \/>\n<meta property=\"og:description\" content=\"[vc_row content_placement=&#8221;middle&#8221; css=&#8221;.vc_custom_1612214280823{margin-bottom: 10px !important;}&#8221;][vc_column width=&#8221;1\/2&#8243;][interective_banner effects=&#8221;effect-sadie&#8221; url=&#8221;url:https%3A%2F%2Fblue-senses.com%2F%3Fpage_id%3D406%26lang%3Dde|title:%CE%94%CE%B9%CE%B1%CE%BC%CE%B5%CF%81%CE%AF%CF%83%CE%BC%CE%B1%CF%84%CE%B1||&#8221; clr=&#8221;#ffffff&#8221; image_id=&#8221;224&#8243; title=&#8221;Appartements&#8221; caption_url=&#8221;&#8221;][\/vc_column][vc_column width=&#8221;1\/2&#8243;][vc_custom_heading text=&#8221;Appartements&#8221; font_container=&#8221;tag:h2|text_align:left|color:%230071b5&#8243; use_theme_fonts=&#8221;yes&#8221; link=&#8221;url:https%3A%2F%2Fblue-senses.com%2F%3Fpage_id%3D263|title:%CE%94%CE%B9%CE%B1%CE%BC%CE%B5%CF%81%CE%AF%CF%83%CE%BC%CE%B1%CF%84%CE%B1||&#8221; css=&#8221;.vc_custom_1612265754673{margin-top: 0px !important;}&#8221;][vc_column_text]Unsere Appartements verf\u00fcgen \u00fcber ger\u00e4umige Zimmer mit einem individuellen Stil und \u00fcber gro\u00dfe Balkone. Hier f\u00fchlen sich auch anspruchsvolle G\u00e4ste zu Hause. Die Appartements sind hell, haben eine ruhige Lage und bieten modernen Komfort \u00a0 \u00a0 [&hellip;]\" \/>\n<meta property=\"og:url\" content=\"https:\/\/blue-senses.com\/?page_id=382&amp;lang=de\" \/>\n<meta property=\"og:site_name\" content=\"Blue Senses\" \/>\n<meta property=\"article:modified_time\" content=\"2025-06-21T09:53:42+00:00\" \/>\n<meta property=\"og:image\" content=\"https:\/\/blue-senses.com\/wp-content\/uploads\/2013\/05\/breakfast.png\" \/>\n<meta name=\"twitter:card\" content=\"summary_large_image\" \/>\n<meta name=\"twitter:label1\" content=\"\u03b5\u03ba\u03c4\u03b9\u03bc\u03ce\u03bc\u03b5\u03bd\u03bf\u03c2 \u03c7\u03c1\u03cc\u03bd\u03bf\u03c2 \u03b4\u03b9\u03b1\u03b2\u03ac\u03c3\u03bc\u03b1\u03c4\u03bf\u03c2\">\n\t<meta name=\"twitter:data1\" content=\"4 \u03bb\u03b5\u03c0\u03c4\u03ac\">\n<script type=\"application\/ld+json\" class=\"yoast-schema-graph\">{\"@context\":\"https:\/\/schema.org\",\"@graph\":[{\"@type\":\"WebSite\",\"@id\":\"https:\/\/blue-senses.com\/#website\",\"url\":\"https:\/\/blue-senses.com\/\",\"name\":\"Blue Senses\",\"description\":\"Hotel Sarti, Chalkidiki\",\"potentialAction\":[{\"@type\":\"SearchAction\",\"target\":\"https:\/\/blue-senses.com\/?s={search_term_string}\",\"query-input\":\"required name=search_term_string\"}],\"inLanguage\":\"el\"},{\"@type\":\"ImageObject\",\"@id\":\"https:\/\/blue-senses.com\/?page_id=382&lang=de#primaryimage\",\"inLanguage\":\"el\",\"url\":\"https:\/\/blue-senses.com\/wp-content\/uploads\/2013\/05\/breakfast.png\"},{\"@type\":\"WebPage\",\"@id\":\"https:\/\/blue-senses.com\/?page_id=382&lang=de#webpage\",\"url\":\"https:\/\/blue-senses.com\/?page_id=382&lang=de\",\"name\":\"Zimmer - Blue Senses\",\"isPartOf\":{\"@id\":\"https:\/\/blue-senses.com\/#website\"},\"primaryImageOfPage\":{\"@id\":\"https:\/\/blue-senses.com\/?page_id=382&lang=de#primaryimage\"},\"datePublished\":\"2021-02-02T11:40:41+00:00\",\"dateModified\":\"2025-06-21T09:53:42+00:00\",\"inLanguage\":\"el\",\"potentialAction\":[{\"@type\":\"ReadAction\",\"target\":[\"https:\/\/blue-senses.com\/?page_id=382&lang=de\"]}]}]}<\/script>\n<!-- \/ Yoast SEO plugin. -->","jetpack_sharing_enabled":true,"jetpack_likes_enabled":true,"_links":{"self":[{"href":"https:\/\/blue-senses.com\/index.php?rest_route=\/wp\/v2\/pages\/382"}],"collection":[{"href":"https:\/\/blue-senses.com\/index.php?rest_route=\/wp\/v2\/pages"}],"about":[{"href":"https:\/\/blue-senses.com\/index.php?rest_route=\/wp\/v2\/types\/page"}],"author":[{"embeddable":true,"href":"https:\/\/blue-senses.com\/index.php?rest_route=\/wp\/v2\/users\/1"}],"replies":[{"embeddable":true,"href":"https:\/\/blue-senses.com\/index.php?rest_route=%2Fwp%2Fv2%2Fcomments&post=382"}],"version-history":[{"count":7,"href":"https:\/\/blue-senses.com\/index.php?rest_route=\/wp\/v2\/pages\/382\/revisions"}],"predecessor-version":[{"id":597,"href":"https:\/\/blue-senses.com\/index.php?rest_route=\/wp\/v2\/pages\/382\/revisions\/597"}],"wp:attachment":[{"href":"https:\/\/blue-senses.com\/index.php?rest_route=%2Fwp%2Fv2%2Fmedia&parent=382"}],"curies":[{"name":"wp","href":"https:\/\/api.w.org\/{rel}","templated":true}]}}