{"id":406,"date":"2021-02-02T12:45:26","date_gmt":"2021-02-02T12:45:26","guid":{"rendered":"https:\/\/hotel.blue-senses.com\/?page_id=406"},"modified":"2025-06-21T12:19:33","modified_gmt":"2025-06-21T09:19:33","slug":"%ce%b4%ce%b9%ce%b1%ce%bc%ce%b5%cf%81%ce%af%cf%83%ce%bc%ce%b1%cf%84%ce%b1-2","status":"publish","type":"page","link":"https:\/\/blue-senses.com\/?page_id=406&lang=de","title":{"rendered":"Appartements"},"content":{"rendered":"[vc_row][vc_column width=&#8221;2\/3&#8243;]\n\n<div class=\"mfp_open\"><a href=\"https:\/\/blue-senses.com\/wp-content\/uploads\/2021\/01\/blue-senses-hotel-16-1-scaled.jpg\" title=\"\"><img src=\"https:\/\/blue-senses.com\/wp-content\/uploads\/2021\/01\/blue-senses-hotel-16-1-scaled.jpg\" alt=\"\" class=\"img-thumbnail img-responsive\"><\/a><\/div>\n  <div class=\"carousel\">\n    <div id=\"owl-gallery\" class=\"owl-carousel\">\n       <div class=\"item mfp_open\"><a href=\"https:\/\/blue-senses.com\/wp-content\/uploads\/2021\/01\/blue-senses-hotel-25-scaled.jpg\"><img src=\"https:\/\/blue-senses.com\/wp-content\/uploads\/2021\/01\/blue-senses-hotel-25-scaled.jpg\"\/><i class=\"fa fa-search\"><\/i><\/a><\/div>    <div class=\"item mfp_open\"><a href=\"https:\/\/blue-senses.com\/wp-content\/uploads\/2021\/01\/blue-senses-hotel-26-1-scaled.jpg\"><img src=\"https:\/\/blue-senses.com\/wp-content\/uploads\/2021\/01\/blue-senses-hotel-26-1-scaled.jpg\"\/><i class=\"fa fa-search\"><\/i><\/a><\/div>    <div class=\"item mfp_open\"><a href=\"https:\/\/blue-senses.com\/wp-content\/uploads\/2021\/01\/blue-senses-hotel-17.jpg\"><img src=\"https:\/\/blue-senses.com\/wp-content\/uploads\/2021\/01\/blue-senses-hotel-17.jpg\"\/><i class=\"fa fa-search\"><\/i><\/a><\/div>    <div class=\"item mfp_open\"><a href=\"https:\/\/blue-senses.com\/wp-content\/uploads\/2021\/01\/blue-senses-hotel-23-1-scaled.jpg\"><img src=\"https:\/\/blue-senses.com\/wp-content\/uploads\/2021\/01\/blue-senses-hotel-23-1-scaled.jpg\"\/><i class=\"fa fa-search\"><\/i><\/a><\/div>    <div class=\"item mfp_open\"><a href=\"https:\/\/blue-senses.com\/wp-content\/uploads\/2021\/01\/blue-senses-hotel-24-scaled.jpg\"><img src=\"https:\/\/blue-senses.com\/wp-content\/uploads\/2021\/01\/blue-senses-hotel-24-scaled.jpg\"\/><i class=\"fa fa-search\"><\/i><\/a><\/div>    <div class=\"item mfp_open\"><a href=\"https:\/\/blue-senses.com\/wp-content\/uploads\/2021\/01\/blue-senses-hotel-27-scaled.jpg\"><img src=\"https:\/\/blue-senses.com\/wp-content\/uploads\/2021\/01\/blue-senses-hotel-27-scaled.jpg\"\/><i class=\"fa fa-search\"><\/i><\/a><\/div>     <\/div>\n<\/div>\n[\/vc_column][vc_column width=&#8221;1\/3&#8243;][vc_column_text]\n<h3 style=\"text-align: left;\">KontaktFormular<\/h3>\n[\/vc_column_text][vc_column_text]<div class=\"forminator-ui forminator-custom-form forminator-custom-form-424 forminator-design--flat forminator-enclosed forminator_ajax\" data-forminator-render=\"0\" data-form=\"forminator-module-424\"><br\/><\/div><form\n\t\t\t\tid=\"forminator-module-424\"\n\t\t\t\tclass=\"forminator-ui forminator-custom-form forminator-custom-form-424 forminator-design--flat forminator-enclosed forminator_ajax\"\n\t\t\t\tmethod=\"post\"\n\t\t\t\tdata-forminator-render=\"0\"\n\t\t\t\tdata-form-id=\"424\"\n\t\t\t\t\n\t\t\t\tdata-design=\"flat\"\n\t\t\t\t\n\t\t\t\t\n\t\t\t\t\n\t\t\t\tdata-grid=\"enclosed\"\n\t\t\t\t\n\t\t\t\t\n\t\t\t\tstyle=\"display: none;\"\n\t\t\t><div class=\"forminator-response-message forminator-error\" aria-hidden=\"true\"><\/div><div class=\"forminator-row\"><div id=\"date-1\" class=\"forminator-col forminator-col-12 \"><div class=\"forminator-field\"><label for=\"forminator-field-date-1-picker-69f53624da82d\" class=\"forminator-label\">Check in <span class=\"forminator-required\">*<\/span><\/label><input autocomplete=\"off\" type=\"text\" size=\"1\" name=\"date-1\" value=\"02-05-2026\" placeholder=\"\" id=\"forminator-field-date-1-picker-69f53624da82d\" class=\"forminator-input forminator-datepicker\" data-required=\"1\" data-format=\"dd-mm-yy\" data-restrict-type=\"\" data-restrict=\"\" data-start-year=\"2026\" data-end-year=\"2126\" data-past-dates=\"enable\" data-start-of-week=\"1\" data-start-date=\"2026-05-02\" data-end-date=\"\" data-start-field=\"\" data-end-field=\"\" data-start-offset=\"\" data-end-offset=\"\" data-disable-date=\"\" data-disable-range=\"\" \/><\/div><\/div><\/div><div class=\"forminator-row\"><div id=\"date-2\" class=\"forminator-col forminator-col-12 \"><div class=\"forminator-field\"><label for=\"forminator-field-date-2-picker-69f53624da93d\" class=\"forminator-label\">Check Out <span class=\"forminator-required\">*<\/span><\/label><input autocomplete=\"off\" type=\"text\" size=\"1\" name=\"date-2\" value=\"02-05-2026\" placeholder=\"\" id=\"forminator-field-date-2-picker-69f53624da93d\" class=\"forminator-input forminator-datepicker\" data-required=\"1\" data-format=\"dd-mm-yy\" data-restrict-type=\"\" data-restrict=\"\" data-start-year=\"2026\" data-end-year=\"2126\" data-past-dates=\"enable\" data-start-of-week=\"1\" data-start-date=\"2026-05-02\" data-end-date=\"\" data-start-field=\"\" data-end-field=\"\" data-start-offset=\"\" data-end-offset=\"\" data-disable-date=\"\" data-disable-range=\"\" \/><\/div><\/div><\/div><div class=\"forminator-row\"><div id=\"select-1\" class=\"forminator-col forminator-col-12 \"><div class=\"forminator-field\"><label for=\"forminator-form-424__field--select-1-label\" class=\"forminator-label\">Zimmertyp <span class=\"forminator-required\">*<\/span><\/label><select id=\"forminator-form-424__field--select-1\" class=\"forminator-select--field forminator-select2\" data-required=\"1\" name=\"select-1\" data-default-value=\"\" data-placeholder=\"Please select an option\" data-search=\"false\"><option value=\"\">Please select an option<\/option><option value=\"appartements\"  data-calculation=\"0\">Appartements<\/option><option value=\"superior-doppelzimmer\"  data-calculation=\"0\">Superior Doppelzimmer<\/option><option value=\"classic-doppelzimmer\"  data-calculation=\"0\">Classic Doppelzimmer<\/option><\/select><\/div><\/div><\/div><div class=\"forminator-row\"><div id=\"name-1\" class=\"forminator-col forminator-col-12 \"><div class=\"forminator-field\"><label for=\"forminator-field-name-1\" class=\"forminator-label\">Ihr Name <span class=\"forminator-required\">*<\/span><\/label><input type=\"text\" name=\"name-1\" value=\"\" placeholder=\"Ihr Name\" id=\"forminator-field-name-1\" class=\"forminator-input forminator-name--field\" aria-required=\"true\" \/><span class=\"forminator-description\" aria-describedby=\"forminator-field-name-1\">Ihr Name<\/span><\/div><\/div><\/div><div class=\"forminator-row\"><div id=\"email-1\" class=\"forminator-col forminator-col-12 \"><div class=\"forminator-field\"><label for=\"forminator-field-email-1\" class=\"forminator-label\">Ihr Email  <span class=\"forminator-required\">*<\/span><\/label><input type=\"email\" name=\"email-1\" value=\"\" placeholder=\"Email \" id=\"forminator-field-email-1\" class=\"forminator-input forminator-email--field\" data-required=\"1\" aria-required=\"true\" \/><span class=\"forminator-description\" aria-describedby=\"forminator-field-email-1\">Email <\/span><\/div><\/div><\/div><div class=\"forminator-row\"><div id=\"number-1\" class=\"forminator-col forminator-col-12 \"><div class=\"forminator-field\"><label for=\"forminator-field-number-1\" class=\"forminator-label\">G\u00e4stezahl<\/label><input name=\"number-1\" value=\"\" placeholder=\"\" id=\"forminator-field-number-1\" class=\"forminator-input forminator-number--field\" inputmode=\"decimal\" data-required=\"\" data-decimals=\"0\" aria-required=\"false\" data-inputmask=\"'groupSeparator': '', 'radixPoint': '', 'digits': '0'\" type=\"number\" \/><\/div><\/div><\/div><input type=\"hidden\" name=\"referer_url\" value=\"\" \/><div class=\"forminator-row forminator-row-last\"><div class=\"forminator-col\"><div class=\"forminator-field\"><button class=\"forminator-button forminator-button-submit\">Senden<\/button><\/div><\/div><\/div><input type=\"hidden\" id=\"forminator_nonce\" name=\"forminator_nonce\" value=\"34920c5036\" \/><input type=\"hidden\" name=\"_wp_http_referer\" value=\"\/index.php?rest_route=%2Fwp%2Fv2%2Fpages%2F406\" \/><input type=\"hidden\" name=\"form_id\" value=\"424\"><input type=\"hidden\" name=\"page_id\" value=\"406\"><input type=\"hidden\" name=\"form_type\" value=\"default\"><input type=\"hidden\" name=\"current_url\" value=\"https:\/\/blue-senses.com\/?rest_route=%2Fwp%2Fv2%2Fpages%2F406\"><input type=\"hidden\" name=\"render_id\" value=\"0\"><input type=\"hidden\" name=\"action\" value=\"forminator_submit_form_custom-forms\"><label for=\"input_7\" class=\"forminator-hidden\" aria-hidden=\"true\">Please do not fill in this field. <input id=\"input_7\" type=\"text\" name=\"input_7\" value=\"\" autocomplete=\"off\"><\/label><\/form>[\/vc_column_text][vc_column_text css=&#8221;.vc_custom_1612269770228{margin-top: 0px !important;border-top-width: 0px !important;}&#8221;]\n<h4 style=\"text-align: left;\">Reservierung per Telefon<\/h4>\n<p style=\"text-align: left;\">Kontakt f\u00fcr Reservierung<br \/>\nTel.:<strong>+30 23750 94584<\/strong><\/p>\n<p style=\"text-align: left;\"><strong>T\u00e4glich 9:00 &#8211; 21:30<\/strong><\/p>\n[\/vc_column_text][\/vc_column][\/vc_row][vc_row equal_height=&#8221;yes&#8221; content_placement=&#8221;middle&#8221;][vc_column]\n      <table class=\"table table-striped mt30\">\n        <tbody>\n            \n        <tr>\n         \n        <td>\n        <i class=\"fa fa-check-circle\"><\/i> Fr\u00fchst\u00fcck\n        <\/td>\n   \n        <td>\n        <i class=\"fa fa-check-circle\"><\/i> WLAN\n        <\/td>\n   \n        <td>\n        <i class=\"fa fa-check-circle\"><\/i> Safe \n        <\/td>\n   \n        <\/tr>\n   \n        <tr>\n         \n        <td>\n        <i class=\"fa fa-check-circle\"><\/i> T\u00e4gliche Reinigung der Zimmer und Appartements \n        <\/td>\n   \n        <td>\n        <i class=\"fa fa-check-circle\"><\/i> 4 Erwachsene \n        <\/td>\n  \u00a0 \n        <td>\n        <i class=\"fa fa-check-circle\"><\/i> Endreinigung \n        <\/td>\n   \n        <\/tr>\n   \n        <tr>\n         \n        <td>\n        <i class=\"fa fa-check-circle\"><\/i> Bettw\u00e4sche (Wechsel w\u00f6chentlich)\n        <\/td>\n   \n        <td>\n        <i class=\"fa fa-check-circle\"><\/i> Handt\u00fccher (Wechsel alle zwei Tage) \n        <\/td>\n   \n        <td>\n        <i class=\"fa fa-check-circle\"><\/i> Flachbildfernseher\n        <\/td>\n   \n        <\/tr>\n  \n        <\/tbody>\n        <\/table>\n  [\/vc_column][\/vc_row][vc_row][vc_column][vc_column_text]Unsere Appartements verf\u00fcgen \u00fcber ger\u00e4umige Zimmer mit einem individuellen Stil und \u00fcber gro\u00dfe Balkone. Hier f\u00fchlen sich auch anspruchsvolle G\u00e4ste zu Hause. Die Appartements sind hell, haben eine ruhige Lage und bieten modernen Komfort.<br \/>\nAlle Betten sind mit anatomischen Matratzen versehen, die sich der K\u00f6rperform bestens anpassen und so f\u00fcr einen erholsamen Schlaf sorgen.<br \/>\nDie K\u00fcchenbereiche sind mit gro\u00dfen Schr\u00e4nken, Herdplatten und einem K\u00fchlschrank sowie K\u00fcchenutensilien ausgestattet.<br \/>\nDar\u00fcber hinaus bieten die gro\u00dfen Balkone eine fantastische Aussicht auf das Meer und den Berg Athos.<\/p>\n<p>&nbsp;<\/p>\n<table class=\"add-bo2\" style=\"height: 222px;\" width=\"812\">\n<thead>\n<tr style=\"background-color: #e2e2e2;\">\n<th>Preise in Euro<br \/>\npro Nacht<\/th>\n<th>01.05. \u2013 31.05<br \/>\n27.09. \u2013 26.10.<\/th>\n<th>31.05.- 28.06.<br \/>\n06.09. \u2013 27.09.<\/th>\n<th>28.06. \u2013 06.09.<\/th>\n<\/tr>\n<tr>\n<td>Appartement (f\u00fcr bis zu 6 Personen)<\/td>\n<td style=\"text-align: left;\"><\/td>\n<td style=\"text-align: left;\"><\/td>\n<td style=\"text-align: left;\"><\/td>\n<\/tr>\n<tr>\n<td>Bei Belegung mit vier Personen<\/td>\n<td style=\"text-align: left;\">170\u20ac<\/td>\n<td style=\"text-align: left;\">190\u20ac<\/td>\n<td style=\"text-align: left;\">250\u20ac<\/td>\n<\/tr>\n<tr>\n<td>plus jede weitere Person<\/td>\n<td style=\"text-align: left;\">15\u20ac<\/td>\n<td style=\"text-align: left;\">15\u20ac<\/td>\n<td style=\"text-align: left;\">15\u20ac<\/td>\n<\/tr>\n<\/thead>\n<\/table>\n<p><strong>\u00a0<\/strong><\/p>\n<p><strong>Inbegriffen in den Preisen sind<\/strong>:<\/p>\n<ul class=\"list_3\">\n<li>Fr\u00fchst\u00fcck<\/li>\n<li>Klimaanlage<\/li>\n<li>T\u00e4gliche Reinigung der Zimmer und Appartements<\/li>\n<li>Endreinigung<\/li>\n<li>Bettw\u00e4sche (Wechsel w\u00f6chentlich)<\/li>\n<li>Handt\u00fccher (Wechsel alle zwei Tage)<\/li>\n<li>WLAN<\/li>\n<\/ul>\n<p><strong>Extra:<\/strong><\/p>\n<ul>\n<li>\u00dcbernachtungssteuer 2,00\u20ac pro Nacht \/ pro Zimmer oder App<\/li>\n<\/ul>\n<p><strong>Eventuell anfallende zus\u00e4tzliche Kosten<\/strong>:<\/p>\n<ul class=\"list_5\">\n<li>Transfer Flughafen-Sarti 140,- Euro<\/li>\n<li>Transfer Sarti-Flughafen 140,- Euro<\/li>\n<li>W\u00e4sche-Service 8,- Euro<\/li>\n<li>Strandhandt\u00fccher 3,- Euro<\/li>\n<\/ul>\n<p><strong>Anreise<\/strong>: ab 15.00 Uhr<\/p>\n<p><strong>Abreise<\/strong>: bis 11.00 Uhr<\/p>\n<p>Gep\u00e4ckaufbewahrung m\u00f6glich<\/p>\n<p><strong>Vorauszahlung<\/strong>: Bei Reservierung im Voraus ist eine sofortige Zahlung von 30% des Zimmerpreises f\u00e4llig. Einen Monat vor Anreisedatum ist der Restbetrag zu \u00fcberweisen.<\/p>\n<p><strong>Stornierung<\/strong>: Bei einem R\u00fccktritt von der Buchung halten wir eine Entsch\u00e4digung ein. Deren H\u00f6he richtet sich nach dem Zeitpunkt des Zuganges der Stornierung:<\/p>\n<ul class=\"list_6\">\n<li>bis 60 Tage vor Reiseantritt: 10% des Gesamtpreises<\/li>\n<li>bis 30 Tage vor Reiseantritt: 30% des Gesamtpreises<\/li>\n<li>bis 14 Tage vor Reiseantritt: 50% des Gesamtpreises<\/li>\n<li>bis 7 Tage vor Reiseantritt: 60% des Gesamtpreises<\/li>\n<li>am Tag des Reiseantritts oder bei Nichtanreise: 90% des Gesamtpreises<\/li>\n<\/ul>\n<p><strong>\u00dcberweisungen auf das Konto:\u00a0\u00a0\u00a0 Inhaber: Grigorios Theocharis kai SIA E.E.<\/strong><\/p>\n<p><strong>EUROBANK<\/strong><br \/>\nIBAN GR9402601470000140200480802<br \/>\nBIC ERBKGRAA<\/p>\n<p><strong>Akzeptierte Zahlungsweisen vor Ort<\/strong>: bar, ec-Karte, Visa Card und MasterCard<\/p>\n<p><strong>Haustiere<\/strong>: nicht zul\u00e4ssig[\/vc_column_text][\/vc_column][\/vc_row]\n","protected":false},"excerpt":{"rendered":"<p>[vc_row][vc_column width=&#8221;2\/3&#8243;][\/vc_column][vc_column width=&#8221;1\/3&#8243;][vc_column_text] KontaktFormular [\/vc_column_text][vc_column_text][\/vc_column_text][vc_column_text css=&#8221;.vc_custom_1612269770228{margin-top: 0px !important;border-top-width: 0px !important;}&#8221;] Reservierung per Telefon Kontakt f\u00fcr Reservierung Tel.:+30 23750 94584 T\u00e4glich 9:00 &#8211; 21:30 [\/vc_column_text][\/vc_column][\/vc_row][vc_row equal_height=&#8221;yes&#8221; content_placement=&#8221;middle&#8221;][vc_column][\/vc_column][\/vc_row][vc_row][vc_column][vc_column_text]Unsere Appartements verf\u00fcgen \u00fcber ger\u00e4umige Zimmer mit einem individuellen Stil und \u00fcber gro\u00dfe Balkone. Hier f\u00fchlen sich auch anspruchsvolle G\u00e4ste zu Hause. Die Appartements sind hell, haben eine ruhige Lage [&hellip;]<\/p>\n","protected":false},"author":1,"featured_media":0,"parent":0,"menu_order":0,"comment_status":"closed","ping_status":"closed","template":"","meta":{"spay_email":""},"yoast_head":"<!-- This site is optimized with the Yoast SEO plugin v15.7 - https:\/\/yoast.com\/wordpress\/plugins\/seo\/ -->\n<title>Appartements - Blue Senses<\/title>\n<meta name=\"robots\" content=\"index, follow, max-snippet:-1, max-image-preview:large, max-video-preview:-1\" \/>\n<link rel=\"canonical\" href=\"https:\/\/blue-senses.com\/?page_id=406&#038;lang=de\" \/>\n<meta property=\"og:locale\" content=\"el_GR\" \/>\n<meta property=\"og:type\" content=\"article\" \/>\n<meta property=\"og:title\" content=\"Appartements - Blue Senses\" \/>\n<meta property=\"og:description\" content=\"[vc_row][vc_column width=&#8221;2\/3&#8243;][\/vc_column][vc_column width=&#8221;1\/3&#8243;][vc_column_text] KontaktFormular [\/vc_column_text][vc_column_text][\/vc_column_text][vc_column_text css=&#8221;.vc_custom_1612269770228{margin-top: 0px !important;border-top-width: 0px !important;}&#8221;] Reservierung per Telefon Kontakt f\u00fcr Reservierung Tel.:+30 23750 94584 T\u00e4glich 9:00 &#8211; 21:30 [\/vc_column_text][\/vc_column][\/vc_row][vc_row equal_height=&#8221;yes&#8221; content_placement=&#8221;middle&#8221;][vc_column][\/vc_column][\/vc_row][vc_row][vc_column][vc_column_text]Unsere Appartements verf\u00fcgen \u00fcber ger\u00e4umige Zimmer mit einem individuellen Stil und \u00fcber gro\u00dfe Balkone. Hier f\u00fchlen sich auch anspruchsvolle G\u00e4ste zu Hause. Die Appartements sind hell, haben eine ruhige Lage [&hellip;]\" \/>\n<meta property=\"og:url\" content=\"https:\/\/blue-senses.com\/?page_id=406&amp;lang=de\" \/>\n<meta property=\"og:site_name\" content=\"Blue Senses\" \/>\n<meta property=\"article:modified_time\" content=\"2025-06-21T09:19:33+00:00\" \/>\n<meta name=\"twitter:card\" content=\"summary_large_image\" \/>\n<meta name=\"twitter:label1\" content=\"\u03b5\u03ba\u03c4\u03b9\u03bc\u03ce\u03bc\u03b5\u03bd\u03bf\u03c2 \u03c7\u03c1\u03cc\u03bd\u03bf\u03c2 \u03b4\u03b9\u03b1\u03b2\u03ac\u03c3\u03bc\u03b1\u03c4\u03bf\u03c2\">\n\t<meta name=\"twitter:data1\" content=\"2 \u03bb\u03b5\u03c0\u03c4\u03ac\">\n<script type=\"application\/ld+json\" class=\"yoast-schema-graph\">{\"@context\":\"https:\/\/schema.org\",\"@graph\":[{\"@type\":\"WebSite\",\"@id\":\"https:\/\/blue-senses.com\/#website\",\"url\":\"https:\/\/blue-senses.com\/\",\"name\":\"Blue Senses\",\"description\":\"Hotel Sarti, Chalkidiki\",\"potentialAction\":[{\"@type\":\"SearchAction\",\"target\":\"https:\/\/blue-senses.com\/?s={search_term_string}\",\"query-input\":\"required name=search_term_string\"}],\"inLanguage\":\"el\"},{\"@type\":\"WebPage\",\"@id\":\"https:\/\/blue-senses.com\/?page_id=406&lang=de#webpage\",\"url\":\"https:\/\/blue-senses.com\/?page_id=406&lang=de\",\"name\":\"Appartements - Blue Senses\",\"isPartOf\":{\"@id\":\"https:\/\/blue-senses.com\/#website\"},\"datePublished\":\"2021-02-02T12:45:26+00:00\",\"dateModified\":\"2025-06-21T09:19:33+00:00\",\"inLanguage\":\"el\",\"potentialAction\":[{\"@type\":\"ReadAction\",\"target\":[\"https:\/\/blue-senses.com\/?page_id=406&lang=de\"]}]}]}<\/script>\n<!-- \/ Yoast SEO plugin. -->","jetpack_sharing_enabled":true,"jetpack_likes_enabled":true,"_links":{"self":[{"href":"https:\/\/blue-senses.com\/index.php?rest_route=\/wp\/v2\/pages\/406"}],"collection":[{"href":"https:\/\/blue-senses.com\/index.php?rest_route=\/wp\/v2\/pages"}],"about":[{"href":"https:\/\/blue-senses.com\/index.php?rest_route=\/wp\/v2\/types\/page"}],"author":[{"embeddable":true,"href":"https:\/\/blue-senses.com\/index.php?rest_route=\/wp\/v2\/users\/1"}],"replies":[{"embeddable":true,"href":"https:\/\/blue-senses.com\/index.php?rest_route=%2Fwp%2Fv2%2Fcomments&post=406"}],"version-history":[{"count":12,"href":"https:\/\/blue-senses.com\/index.php?rest_route=\/wp\/v2\/pages\/406\/revisions"}],"predecessor-version":[{"id":588,"href":"https:\/\/blue-senses.com\/index.php?rest_route=\/wp\/v2\/pages\/406\/revisions\/588"}],"wp:attachment":[{"href":"https:\/\/blue-senses.com\/index.php?rest_route=%2Fwp%2Fv2%2Fmedia&parent=406"}],"curies":[{"name":"wp","href":"https:\/\/api.w.org\/{rel}","templated":true}]}}